{"id":11,"date":"2023-09-21T11:56:29","date_gmt":"2023-09-21T09:56:29","guid":{"rendered":"http:\/\/fannybouquet.com\/?page_id=11"},"modified":"2023-09-21T15:22:01","modified_gmt":"2023-09-21T13:22:01","slug":"a-propos","status":"publish","type":"page","link":"https:\/\/fannybouquet.com\/?page_id=11","title":{"rendered":"\u00c0 propos"},"content":{"rendered":"\n<div class=\"wp-block-group alignwide is-style-twentytwentyone-border\"><div class=\"wp-block-group__inner-container is-layout-constrained wp-block-group-is-layout-constrained\">\n<div class=\"wp-block-columns alignwide is-layout-flex wp-container-core-columns-is-layout-9d6595d7 wp-block-columns-is-layout-flex\">\n<div class=\"wp-block-column is-layout-flow wp-block-column-is-layout-flow\">\n<figure class=\"wp-block-image size-large\"><img loading=\"lazy\" decoding=\"async\" width=\"714\" height=\"1024\" src=\"http:\/\/fannybouquet.com\/wp-content\/uploads\/2023\/09\/213Ko-714x1024.jpg\" alt=\"\" class=\"wp-image-9\" srcset=\"https:\/\/fannybouquet.com\/wp-content\/uploads\/2023\/09\/213Ko-714x1024.jpg 714w, https:\/\/fannybouquet.com\/wp-content\/uploads\/2023\/09\/213Ko-209x300.jpg 209w, https:\/\/fannybouquet.com\/wp-content\/uploads\/2023\/09\/213Ko-768x1102.jpg 768w, https:\/\/fannybouquet.com\/wp-content\/uploads\/2023\/09\/213Ko-1070x1536.jpg 1070w, https:\/\/fannybouquet.com\/wp-content\/uploads\/2023\/09\/213Ko.jpg 1427w\" sizes=\"auto, (max-width: 714px) 100vw, 714px\" \/><\/figure>\n\n\n\n<p class=\"has-contrast-color has-text-color\" style=\"font-size:1rem\"><strong>Sophrologue<\/strong>&nbsp;&#8211; Formatrice et Jury RNCP \u00e0 l&rsquo;IFS (Institut de Formation \u00e0 la Sophrologie)<\/p>\n\n\n\n<p class=\"has-contrast-color has-text-color\" style=\"font-size:1rem\"><strong>D\u00e9ontologie<\/strong> &#8211; Membre de la Chambre Syndicale de Sophrologie, je m\u2019engage \u00e0 en respecter le code d\u00e9ontologique.<\/p>\n\n\n\n<p class=\"has-text-align-left has-contrast-color has-text-color\" style=\"font-size:1rem\">T\u00e9l : <strong>06.83.19.25.42<\/strong>\u00a0\u00a0 &#8211;   <strong>contact@fannybouquet.com\u00a0<\/strong><\/p>\n\n\n<div class=\"wp-block-image\">\n<figure class=\"alignleft size-full is-resized\"><a href=\"https:\/\/www.chambre-syndicale-sophrologie.fr\" target=\"_blank\" rel=\"noreferrer noopener\"><img loading=\"lazy\" decoding=\"async\" src=\"http:\/\/fannybouquet.com\/wp-content\/uploads\/2023\/09\/chambre-syndicale-sophro.jpg\" alt=\"\" class=\"wp-image-41\" style=\"width:168px;height:163px\" width=\"168\" height=\"163\" srcset=\"https:\/\/fannybouquet.com\/wp-content\/uploads\/2023\/09\/chambre-syndicale-sophro.jpg 911w, https:\/\/fannybouquet.com\/wp-content\/uploads\/2023\/09\/chambre-syndicale-sophro-300x291.jpg 300w, https:\/\/fannybouquet.com\/wp-content\/uploads\/2023\/09\/chambre-syndicale-sophro-768x744.jpg 768w\" sizes=\"auto, (max-width: 168px) 100vw, 168px\" \/><\/a><\/figure>\n<\/div><\/div>\n\n\n\n<div class=\"wp-block-column is-vertically-aligned-top is-layout-flow wp-block-column-is-layout-flow\">\n<p class=\"has-contrast-color has-text-color\" style=\"font-size:1rem\">\u00ab\u00a0La sant\u00e9, pilier essentiel de tout individu et de son entourage, face au doute et \u00e0 l\u2019incertitude du lendemain \u00ab\u00a0<\/p>\n\n\n\n<p class=\"has-contrast-color has-text-color\" style=\"font-size:1rem\">C\u2019est en prenant conscience de l\u2019importance du besoin de communiquer sur le bien \u00eatre psychologique, que j\u2019ai d\u00e9cid\u00e9 de devenir sophrologue.&nbsp;<\/p>\n\n\n\n<p class=\"has-contrast-color has-text-color\" style=\"font-size:1rem\">Ce m\u00e9tier apporte les cl\u00e9s du bien \u00eatre pour accepter celui que l\u2019on est et l\u00e0 o\u00f9 l\u2019on veut aller.&nbsp;<\/p>\n\n\n\n<p class=\"has-contrast-color has-text-color\" style=\"font-size:1rem\">J\u2019aime le contact avec les gens. C&rsquo;est par la communication et la facult\u00e9 de trouver les meilleures solutions adapt\u00e9es \u00e0 chaque personne, que j\u2019ai d\u00e9velopp\u00e9 mon \u00e9coute envers autrui.<\/p>\n\n\n\n<p class=\"has-contrast-color has-text-color\" style=\"font-size:1rem\">Mon objectif quotidien est d&rsquo;apporter \u00e0 chacun de mes clients les cl\u00e9s pour appr\u00e9cier chaque jour, chaque minute avec un nouveau regard, permettre \u00e0 chacun de d\u00e9passer les difficult\u00e9s et le stress pour profiter pleinement des petits et grands plaisirs de la vie.&nbsp;<\/p>\n<\/div>\n<\/div>\n<\/div><\/div>\n","protected":false},"excerpt":{"rendered":"<p>Sophrologue&nbsp;&#8211; Formatrice et Jury RNCP \u00e0 l&rsquo;IFS (Institut de Formation \u00e0 la Sophrologie) D\u00e9ontologie &#8211; Membre de la Chambre Syndicale de Sophrologie, je m\u2019engage \u00e0 en respecter le code d\u00e9ontologique. T\u00e9l : 06.83.19.25.42\u00a0\u00a0 &#8211; contact@fannybouquet.com\u00a0 \u00ab\u00a0La sant\u00e9, pilier essentiel de tout individu et de son entourage, face au doute et \u00e0 l\u2019incertitude du lendemain \u00ab\u00a0&hellip; <a class=\"more-link\" href=\"https:\/\/fannybouquet.com\/?page_id=11\">Poursuivre la lecture <span class=\"screen-reader-text\">\u00c0 propos<\/span><\/a><\/p>\n","protected":false},"author":1,"featured_media":0,"parent":0,"menu_order":0,"comment_status":"closed","ping_status":"closed","template":"","meta":{"footnotes":""},"class_list":["post-11","page","type-page","status-publish","hentry","entry"],"_links":{"self":[{"href":"https:\/\/fannybouquet.com\/index.php?rest_route=\/wp\/v2\/pages\/11","targetHints":{"allow":["GET"]}}],"collection":[{"href":"https:\/\/fannybouquet.com\/index.php?rest_route=\/wp\/v2\/pages"}],"about":[{"href":"https:\/\/fannybouquet.com\/index.php?rest_route=\/wp\/v2\/types\/page"}],"author":[{"embeddable":true,"href":"https:\/\/fannybouquet.com\/index.php?rest_route=\/wp\/v2\/users\/1"}],"replies":[{"embeddable":true,"href":"https:\/\/fannybouquet.com\/index.php?rest_route=%2Fwp%2Fv2%2Fcomments&post=11"}],"version-history":[{"count":16,"href":"https:\/\/fannybouquet.com\/index.php?rest_route=\/wp\/v2\/pages\/11\/revisions"}],"predecessor-version":[{"id":157,"href":"https:\/\/fannybouquet.com\/index.php?rest_route=\/wp\/v2\/pages\/11\/revisions\/157"}],"wp:attachment":[{"href":"https:\/\/fannybouquet.com\/index.php?rest_route=%2Fwp%2Fv2%2Fmedia&parent=11"}],"curies":[{"name":"wp","href":"https:\/\/api.w.org\/{rel}","templated":true}]}}